) = -13*l**2 - 2*l - 1 - 12*l**2 + 12*l**2. Determine t(-1).
-12
Let f(g) = -g**3 + 5*g**2 - 8*g - 9. Let x be (-7)/(-3 - -2) + -2. Let v(o) = x*o + 1 - 3*o - o. Let h(n) = -f(n) - 5*v(n). Give h(3).
-5
Let v(l) be the first derivative of -2*l**3/3 + 3*l**2/2 - l - 5. Let q(p) be the first derivative of v(p). Determine q(4).
-13
Let j be 2/(-6) - 1/(-3). Let x(a) = 2*a - 3*a + j*a. Determine x(5).
-5
Let y be (-1)/(-3) - (-4)/48. Let j(o) be the second derivative of 3*o - 2/3*o**3 + y*o**4 - 1/20*o**5 - 3/2*o**2 + 0. Determine j(4).
-3
Suppose 20 = 2*y + 3*y. Let a = -8 + y. Let s(z) = z**3 + 4*z**2 + 5. Calculate s(a).
5
Let z(s) be the first derivative of s**2 - 4*s - 4. Calculate z(8).
12
Suppose 2*u + 26 = -3*u + 3*x, 0 = 2*u + 2*x + 4. Let a(d) = 3*d - 2. Determine a(u).
-14
Suppose 0 - 8 = 2*m. Let a(v) be the second derivative of v**3/3 + v**2 - v. Determine a(m).
-6
Let g(u) be the second derivative of u**4/12 + u**3/3 - u**2/2 + 3*u. Let v be g(-3). Suppose -v*i + 4*i = 10. Let o(r) = -r**2 + 4*r + 4. Determine o(i).
-1
Let y be (-148)/(-20) - (-2)/(-5). Suppose 3 = y*o - 8*o. Let f(k) = 2*k**2 + 5*k + 4. Give f(o).
7
Let x(v) = v**3 - 8*v**2 + 5*v + 8. Let h be 311/8 + (-3)/(-24). Suppose -4*f + h - 11 = 0. Determine x(f).
-6
Let j be (2 - -1)/(-9)*-9. Suppose -2*p = -j - 3. Let t = -3 + p. Let b(s) = -s**2 - s + 2. Give b(t).
2
Let o = -22 - -32. Let d = o - 15. Let y(j) be the third derivative of j**5/60 + j**4/4 + 8*j**2. Determine y(d).
-5
Let o be -5*1*(-1 - 0). Suppose -3*w - o = -0*v + v, 3*w = -6. Let q(p) = v - 2*p - 2 + 0*p + 3*p. Calculate q(-3).
-4
Let p(k) be the second derivative of k**4/12 + 5*k**3/6 + 7*k. What is p(-6)?
6
Let c = 3 + -7. Let y(p) = -7*p**2 + 1 - 4*p + 6*p**2 - 5. Calculate y(c).
-4
Let z = -2 + 0. Let h = z + 5. Let p(y) = -7 - 2*y**3 + 0*y**3 + 2 + y**h - 4*y - 5*y**2. What is p(-4)?
-5
Let v(w) = -14*w + 3*w - 3*w**2 + 9*w - 1. Give v(2).
-17
Let f(y) = -y + 12. Let u be f(7). Suppose d - 3 = u. Let i(m) = 0*m - d*m - m**3 + 5 + 5*m**2 + 2*m + 2*m. Determine i(4).
5
Let k(n) = 5 - 9 + 2*n - n + 12. What is k(-11)?
-3
Let q(r) = -r - 1. Suppose -25 = -9*m + 4*m. Suppose -10 - m = -i. Let k = i - 10. Give q(k).
-6
Let p(z) = z**2 - z. Let r(y) = 5*y**2 - 3*y - 1. Let t(q) = q**3 - 2*q**2 - 3*q + 2. Let w be t(3). Let c(s) = w*r(s) - 9*p(s). Give c(-4).
2
Let f(a) = 4*a**2 + 1. Let b be f(-1). Suppose -3*q = -b - 7. Let h be q/6*(-3)/(-2). Let k(t) = 7*t**3 - t**2 - t + 1. What is k(h)?
6
Let a(d) = -d - 7. Let k be (15 + -16)/(1*-1). Suppose -4*y = -f - 7, -f + 2*f + 4*y - k = 0. Calculate a(f).
-4
Let j be 33/15 - (8/(-10) - -1). Let u(n) = -n**3 + 4*n**2 - 2*n - 1. Determine u(j).
3
Let c(r) = r**2 + 9*r + 5. Let l be (-2)/(-9) + (-208)/(-117). Suppose 24 = -t - l*t. What is c(t)?
-3
Let j be (0/(-6))/(8/(-2)). Let o(s) be the third derivative of -s**2 - 1/3*s**3 + 0 + j*s - 1/24*s**4. What is o(-3)?
1
Let p(r) be the first derivative of -r**2 + 4*r + 8. Give p(-5).
14
Let i(z) be the second derivative of z**2 + 1/6*z**3 - z + 0. Let c be (-3 + 0)/((-12)/8). Determine i(c).
4
Let d(g) = g**2 + 5*g - 7. Let f be (-6)/(-2) + 16/(-2). Give d(f).
-7
Let a = -6 + 3. Let u(k) = -k**2 - 2*k + 3. Calculate u(a).
0
Let c be 61*(-3)/(-180) - (3 + -2). Let t(s) be the third derivative of 0*s + 0 + s**2 - 1/3*s**3 + c*s**5 - 1/24*s**4. Give t(-2).
4
Let o(g) = 5*g - 1. Let s(p) = -p - 5. Let r be s(-4). Give o(r).
-6
Let b(s) = 4*s + 2. Suppose 17*t - 18*t + 3 = 0. Determine b(t).
14
Let g(d) = d**2 - 3*d - 5. Suppose 2*k - 19 = l, 25 = 2*k + 2*l + 3*l. Let p = k + -4. Give g(p).
13
Let s(o) be the first derivative of o**3/3 - o**2/2 - 34. Determine s(0).
0
Let n be -1 + 0 - (1 - 2). Let y(r) = -3*r + r**3 + n*r**3 + 2*r - 2 + 0. Calculate y(2).
4
Suppose 3*y - 5 = -2, -4*y = -c + 4. Let r = c - 6. Let j(b) = -4*b + 2*b + r + 0*b + b**2. Determine j(3).
5
Let l(n) = n**2 - n + 3*n**3 + 3 + 0*n**2 - 2. Let t = 9 - 10. Let w = t + 2. Calculate l(w).
4
Let s be (-2)/(-4)*-5*-2. Let v(u) = -3*u**2 + 21*u - 29. Let i(j) = j**2 - 7*j + 10. Let o(f) = -17*i(f) - 6*v(f). Determine o(s).
-6
Let s(o) be the first derivative of 0*o - 2 + 0*o**2 + 1/24*o**5 + 1/8*o**4 - o**3. Let p(j) be the third derivative of s(j). Give p(-2).
-7
Suppose v = 5 - 3. Let i(c) = 6*c**2 - 5*c**2 - 3*c + 0*c**v - 5. Give i(4).
-1
Let t(s) be the first derivative of -s**3 - s**2/2 + s - 7. What is t(-2)?
-9
Let t be -4*(-1 - (-9)/(-4)). Let w(q) = 0*q + q + 3 - t. Let u be w(7). Let m(y) = -y**2 - 2*y + 2. Determine m(u).
-1
Let p(t) be the first derivative of -t**4/4 + 7*t**3/3 + 2*t - 28. Give p(7).
2
Let b be (-68)/(-20) - (-2)/(-5). Suppose -4*t = -4*g + 12, -3*g - b + 0 = t. Let o(c) = g*c - 3 + c + 6. Calculate o(-4).
-1
Suppose 5*d - 5 = 20. Suppose -13 = -2*n - n - d*z, -6 = -3*z. Let m(v) = -v + 1. Determine m(n).
0
Let w(r) = r**2 - 3*r + 2. Suppose t - 2*t + 5 = 0. Let y be (1 - 2)/(0 + 1). Let d = t + y. Give w(d).
6
Let z(t) = t - 4. Let n be z(6). Suppose 2*q + 5*b = -2*q - 6, -n*q - 4 = 3*b. Let k(f) = q - 4*f - 2 - f. What is k(-2)?
9
Let x(z) = z + 1. Let j(v) = v + 7. Let f be j(-4). What is x(f)?
4
Let l = -153 - -148. Let q(c) = -c**3 - 6*c**2 - 7*c - 4. Give q(l).
6
Suppose 2 = y - z - 1, -4*z + 28 = 4*y. Let u = 7 - 4. Let s(v) = 3 - y*v**2 + v**u - 5*v**2 + 4*v**2 + 3*v. Determine s(5).
-7
Let i(d) be the first derivative of -d**2 + d - 1. Suppose -9*z + 1 = 19. Determine i(z).
5
Let r(i) be the second derivative of i**3/6 - i**2/2 + 14*i. Calculate r(6).
5
Let w(p) = -14*p**2 - 2*p + 1. Let n(u) = -u**2 - 5*u + 7. Let f be n(-6). Give w(f).
-15
Let x be (2/6)/(1/3). Suppose 3*a = -4*v + 24, -2*v - x + 15 = 2*a. Let m(r) = r - 5. Determine m(a).
-1
Let z(b) = -2*b + 35. Let o be z(17). Let g(v) = -v + 2. Calculate g(o).
1
Suppose -2*u + 70*t + 3 = 69*t, 0 = -5*u + 2*t + 6. Let s(z) be the second derivative of z**4/12 + z**3/6 + 4*z**2 + z. What is s(u)?
8
Let q(m) = 2*m - 16. Let k be q(5). Let i(d) = d**2 + 6*d + 11. Let l(f) = -2*f**2 - 11*f - 23. Let t(o) = 5*i(o) + 2*l(o). Calculate t(k).
-3
Let h(i) = -2*i + 1. Let g(f) = 1. Let a(n) = g(n) - 2*h(n). Calculate a(1).
3
Let k(g) = -7*g**2 - 23*g - 17. Let c(y) = 4*y**2 + 12*y + 9. Let b(l) = 5*c(l) + 3*k(l). Suppose 3*t = -0 - 24. Let a be b(t). Let x(w) = -w. Give x(a).
-2
Let h(j) = 7*j**2 + 7*j + 9. Let m(f) = 2 - 3 - 6*f**2 - 8 - 7*f. Let r(i) = 5*h(i) + 6*m(i). Give r(-6).
-3
Let s(c) = 14 - 3*c - 14. Give s(-1).
3
Let x be ((-4)/(-7))/(3/21). Suppose -a = x*a - 15. Let r(b) = b**2 - 3. Determine r(a).
6
Let o(a) = 1 + 0 + 19665*a**2 - 19668*a**2 + a**3 + 2*a. Suppose 2*t - 3*t = -3. What is o(t)?
7
Let t(m) = -2*m - 37. Suppose 2*c + 9 = -b, 2*b - 3*c = 1 - 5. Let k(p) = -p + 1. Let l be k(b). Let v(r) = -r - 18. Let y(o) = l*t(o) - 13*v(o). What is y(-5)?
7
Let l = -10 + 12. Let r(v) = -5 + 2*v + 0 + l*v - 3*v. Determine r(-4).
-9
Let l(c) = -c**3 - 5*c**2 + 3*c + 1. Suppose 20 = 5*d - 4*i, -d = -2*d + 2*i + 4. Suppose 23 = -d*a + 3. Give l(a).
-14
Let k(j) = -3 - j**3 + 202*j**2 - 5*j + 5 - 207*j**2. Give k(-4).
6
Let j be (4*3/2)/2. Let s(o) = -o**3 + 3*o**2 - o - 4. Determine s(j).
-7
Suppose 2*l - 12 = 8. Suppose -3*a = l - 16. Let m(y) = 2*y**3 - y**2 + 3*y - 3. What is m(a)?
15
Let s(g) = g**3 - 7*g**2 + 5*g + 6. Let t be (90/105)/(2/14). What is s(t)?
0
Let l(x) = 2*x**2 + 2*x - 7. Let b(o) = o**2 - 1. Let v = -7 + 6. Let w(m) = v*l(m) + 6*b(m). Calculate w(1).
3
Let p(a) be the first derivative of -2*a**3/3 + a**2/2 + 2*a + 2. Let m be -1*(-5 + (0 - -1)). Let l(c) = -c**2 + 4*c + 2. Let s be l(m). Give p(s).
-4
Let i(a) = a + 5. Let h = 10 + -6. What is i(h)?
9
Let l(t) = -t + 3. Let z be (5/(-15))/(1/15)*-1. Calculate l(z).
-2
Let s(p) be the second derivative of p**4/6 + 2*p**3/3 + 3*p**2/2 + 47*p. Let d(u) = -2*u**2 - u. Let i be d(1). Give s(i).
9
Suppose 3*v + 11 + 16 = 0. Suppose -5*d + 12 = 37. Let g = v - d. Let h(m) = 2*m + 5. Calculate h(g).
-3
Let z(r) = -r - 4. Let m be z(-2). Let h(c) be the third derivative of -c**5/20 - c**4/24 + c**3/3 - 2*c**2. Calculate h(m).
-8
Let s(o) = 9*o - 7*o**2 + 109*o**3 - 222*o**3 + 114*o**3. What is s(6)?
18
Let z(g) = g - 7. Let l be z(6). Let d = 2 - 1. Let r(x) = -1 + 5*x**2 + d. What is r(l)?
5
Let